{"id":22886,"date":"2023-01-20T11:38:48","date_gmt":"2023-01-20T10:38:48","guid":{"rendered":"https:\/\/www.ldnspa.re\/?page_id=22886"},"modified":"2026-01-23T10:05:55","modified_gmt":"2026-01-23T09:05:55","slug":"balneo-duo","status":"publish","type":"page","link":"https:\/\/www.ldnspa.re\/?page_id=22886","title":{"rendered":"Baln\u00e9o Duo"},"content":{"rendered":"\t\t<div data-elementor-type=\"wp-page\" data-elementor-id=\"22886\" class=\"elementor elementor-22886\" data-elementor-post-type=\"page\">\n\t\t\t\t<div class=\"elementor-element elementor-element-873f0d9 e-con-full e-flex e-con e-parent\" data-id=\"873f0d9\" data-element_type=\"container\">\n\t\t<div class=\"elementor-element elementor-element-11bec89 e-con-full e-flex e-con e-child\" data-id=\"11bec89\" data-element_type=\"container\" data-settings=\"{&quot;background_background&quot;:&quot;gradient&quot;}\">\n\t\t<div class=\"elementor-element elementor-element-6b88c7f e-con-full e-flex e-con e-child\" data-id=\"6b88c7f\" data-element_type=\"container\">\n\t\t\t\t<div class=\"elementor-element elementor-element-3821ac8 elementor-widget__width-initial elementor-widget elementor-widget-image\" data-id=\"3821ac8\" data-element_type=\"widget\" data-widget_type=\"image.default\">\n\t\t\t\t<div class=\"elementor-widget-container\">\n\t\t\t\t\t\t\t\t\t\t\t\t\t\t\t<img fetchpriority=\"high\" decoding=\"async\" width=\"684\" height=\"684\" src=\"https:\/\/www.ldnspa.re\/wp-content\/uploads\/2023\/01\/balne\u2560uo-amoureux-e1728299523764.png\" class=\"attachment-full size-full wp-image-22988\" alt=\"\" \/>\t\t\t\t\t\t\t\t\t\t\t\t\t\t\t<\/div>\n\t\t\t\t<\/div>\n\t\t\t\t<\/div>\n\t\t<div class=\"elementor-element elementor-element-f45a094 e-con-full e-flex e-con e-child\" data-id=\"f45a094\" data-element_type=\"container\">\n\t\t<div class=\"elementor-element elementor-element-5d38252 e-con-full e-flex e-con e-child\" data-id=\"5d38252\" data-element_type=\"container\">\n\t\t\t\t<div class=\"elementor-element elementor-element-7dc0e3a elementor-widget-divider--view-line elementor-widget elementor-widget-divider\" data-id=\"7dc0e3a\" data-element_type=\"widget\" data-widget_type=\"divider.default\">\n\t\t\t\t<div class=\"elementor-widget-container\">\n\t\t\t\t\t\t\t<div class=\"elementor-divider\">\n\t\t\t<span class=\"elementor-divider-separator\">\n\t\t\t\t\t\t<\/span>\n\t\t<\/div>\n\t\t\t\t\t\t<\/div>\n\t\t\t\t<\/div>\n\t\t\t\t<div class=\"elementor-element elementor-element-b0c10d2 elementor-widget elementor-widget-heading\" data-id=\"b0c10d2\" data-element_type=\"widget\" data-widget_type=\"heading.default\">\n\t\t\t\t<div class=\"elementor-widget-container\">\n\t\t\t\t\t<h2 class=\"elementor-heading-title elementor-size-default\">DUO<\/h2>\t\t\t\t<\/div>\n\t\t\t\t<\/div>\n\t\t<div class=\"elementor-element elementor-element-e0c3e05 e-con-full e-flex e-con e-child\" data-id=\"e0c3e05\" data-element_type=\"container\">\n\t\t\t\t<div class=\"elementor-element elementor-element-7b39da5 elementor-widget__width-initial elementor-widget-divider--view-line elementor-widget elementor-widget-divider\" data-id=\"7b39da5\" data-element_type=\"widget\" data-widget_type=\"divider.default\">\n\t\t\t\t<div class=\"elementor-widget-container\">\n\t\t\t\t\t\t\t<div class=\"elementor-divider\">\n\t\t\t<span class=\"elementor-divider-separator\">\n\t\t\t\t\t\t<\/span>\n\t\t<\/div>\n\t\t\t\t\t\t<\/div>\n\t\t\t\t<\/div>\n\t\t\t\t<div class=\"elementor-element elementor-element-bc39c04 elementor-widget__width-initial elementor-widget elementor-widget-heading\" data-id=\"bc39c04\" data-element_type=\"widget\" data-widget_type=\"heading.default\">\n\t\t\t\t<div class=\"elementor-widget-container\">\n\t\t\t\t\t<h2 class=\"elementor-heading-title elementor-size-default\">BALN\u00c9O<\/h2>\t\t\t\t<\/div>\n\t\t\t\t<\/div>\n\t\t\t\t<div class=\"elementor-element elementor-element-9a4f04b elementor-widget__width-initial elementor-widget-divider--view-line elementor-widget elementor-widget-divider\" data-id=\"9a4f04b\" data-element_type=\"widget\" data-widget_type=\"divider.default\">\n\t\t\t\t<div class=\"elementor-widget-container\">\n\t\t\t\t\t\t\t<div class=\"elementor-divider\">\n\t\t\t<span class=\"elementor-divider-separator\">\n\t\t\t\t\t\t<\/span>\n\t\t<\/div>\n\t\t\t\t\t\t<\/div>\n\t\t\t\t<\/div>\n\t\t\t\t<\/div>\n\t\t<div class=\"elementor-element elementor-element-d37547e e-con-full e-flex e-con e-child\" data-id=\"d37547e\" data-element_type=\"container\">\n\t\t\t\t<div class=\"elementor-element elementor-element-62929c5 elementor-vertical-align-top elementor-widget elementor-widget-image-box\" data-id=\"62929c5\" data-element_type=\"widget\" data-widget_type=\"image-box.default\">\n\t\t\t\t<div class=\"elementor-widget-container\">\n\t\t\t\t\t<div class=\"elementor-image-box-wrapper\"><div class=\"elementor-image-box-content\"><p class=\"elementor-image-box-description\">Prix : <span style=\"color: white\"> 2490\u20ac <\/span><\/p><\/div><\/div>\t\t\t\t<\/div>\n\t\t\t\t<\/div>\n\t\t\t\t<\/div>\n\t\t<div class=\"elementor-element elementor-element-cf902ef e-con-full e-flex e-con e-child\" data-id=\"cf902ef\" data-element_type=\"container\">\n\t\t\t\t<div class=\"elementor-element elementor-element-6930318 elementor-position-left elementor-vertical-align-middle elementor-widget elementor-widget-image-box\" data-id=\"6930318\" data-element_type=\"widget\" data-widget_type=\"image-box.default\">\n\t\t\t\t<div class=\"elementor-widget-container\">\n\t\t\t\t\t<div class=\"elementor-image-box-wrapper\"><figure class=\"elementor-image-box-img\"><img decoding=\"async\" width=\"256\" height=\"256\" src=\"https:\/\/www.ldnspa.re\/wp-content\/uploads\/2025\/10\/user-1.png\" class=\"attachment-full size-full wp-image-27014\" alt=\"\" \/><\/figure><div class=\"elementor-image-box-content\"><p class=\"elementor-image-box-description\">2 PERSONNES<\/p><\/div><\/div>\t\t\t\t<\/div>\n\t\t\t\t<\/div>\n\t\t\t\t<div class=\"elementor-element elementor-element-6082fd8 elementor-position-left elementor-vertical-align-middle elementor-widget elementor-widget-image-box\" data-id=\"6082fd8\" data-element_type=\"widget\" data-widget_type=\"image-box.default\">\n\t\t\t\t<div class=\"elementor-widget-container\">\n\t\t\t\t\t<div class=\"elementor-image-box-wrapper\"><figure class=\"elementor-image-box-img\"><img decoding=\"async\" width=\"85\" height=\"81\" src=\"https:\/\/www.ldnspa.re\/wp-content\/uploads\/2025\/10\/Illustration_sans_titre-1-724x1024-2.png\" class=\"attachment-full size-full wp-image-26971\" alt=\"\" \/><\/figure><div class=\"elementor-image-box-content\"><p class=\"elementor-image-box-description\">46 JETS<\/p><\/div><\/div>\t\t\t\t<\/div>\n\t\t\t\t<\/div>\n\t\t\t\t<div class=\"elementor-element elementor-element-485361c elementor-position-left elementor-vertical-align-middle elementor-widget elementor-widget-image-box\" data-id=\"485361c\" data-element_type=\"widget\" data-widget_type=\"image-box.default\">\n\t\t\t\t<div class=\"elementor-widget-container\">\n\t\t\t\t\t<div class=\"elementor-image-box-wrapper\"><figure class=\"elementor-image-box-img\"><img loading=\"lazy\" decoding=\"async\" width=\"256\" height=\"256\" src=\"https:\/\/www.ldnspa.re\/wp-content\/uploads\/2025\/10\/cube-1.png\" class=\"attachment-full size-full wp-image-26985\" alt=\"\" \/><\/figure><div class=\"elementor-image-box-content\"><p class=\"elementor-image-box-description\">1800 X 1200 X 720mm<\/p><\/div><\/div>\t\t\t\t<\/div>\n\t\t\t\t<\/div>\n\t\t\t\t<div class=\"elementor-element elementor-element-1b8de68 elementor-position-left elementor-vertical-align-middle elementor-widget elementor-widget-image-box\" data-id=\"1b8de68\" data-element_type=\"widget\" data-widget_type=\"image-box.default\">\n\t\t\t\t<div class=\"elementor-widget-container\">\n\t\t\t\t\t<div class=\"elementor-image-box-wrapper\"><figure class=\"elementor-image-box-img\"><img loading=\"lazy\" decoding=\"async\" width=\"64\" height=\"64\" src=\"https:\/\/www.ldnspa.re\/wp-content\/uploads\/2026\/01\/kilo.png\" class=\"attachment-full size-full wp-image-28314\" alt=\"\" \/><\/figure><div class=\"elementor-image-box-content\"><p class=\"elementor-image-box-description\">124 KG<\/p><\/div><\/div>\t\t\t\t<\/div>\n\t\t\t\t<\/div>\n\t\t\t\t<div class=\"elementor-element elementor-element-9f55e99 elementor-position-left elementor-vertical-align-middle elementor-widget elementor-widget-image-box\" data-id=\"9f55e99\" data-element_type=\"widget\" data-widget_type=\"image-box.default\">\n\t\t\t\t<div class=\"elementor-widget-container\">\n\t\t\t\t\t<div class=\"elementor-image-box-wrapper\"><figure class=\"elementor-image-box-img\"><img loading=\"lazy\" decoding=\"async\" width=\"64\" height=\"64\" src=\"https:\/\/www.ldnspa.re\/wp-content\/uploads\/2026\/01\/drop.png\" class=\"attachment-full size-full wp-image-28316\" alt=\"\" \/><\/figure><div class=\"elementor-image-box-content\"><p class=\"elementor-image-box-description\">300 L<\/p><\/div><\/div>\t\t\t\t<\/div>\n\t\t\t\t<\/div>\n\t\t\t\t<\/div>\n\t\t\t\t<\/div>\n\t\t\t\t<\/div>\n\t\t\t\t<\/div>\n\t\t<div class=\"elementor-element elementor-element-39809d7 e-con-full e-flex e-con e-child\" data-id=\"39809d7\" data-element_type=\"container\" data-settings=\"{&quot;background_background&quot;:&quot;classic&quot;}\">\n\t\t\t\t<div class=\"elementor-element elementor-element-d53642e elementor-widget elementor-widget-heading\" data-id=\"d53642e\" data-element_type=\"widget\" data-widget_type=\"heading.default\">\n\t\t\t\t<div class=\"elementor-widget-container\">\n\t\t\t\t\t<h2 class=\"elementor-heading-title elementor-size-default\">Description detaill\u00e9s<\/h2>\t\t\t\t<\/div>\n\t\t\t\t<\/div>\n\t\t<div class=\"elementor-element elementor-element-f191283 e-con-full elementor-hidden-desktop elementor-hidden-tablet elementor-hidden-mobile e-flex e-con e-child\" data-id=\"f191283\" data-element_type=\"container\" data-settings=\"{&quot;background_background&quot;:&quot;classic&quot;}\">\n\t\t<div class=\"elementor-element elementor-element-e0c9958 e-con-full e-flex e-con e-child\" data-id=\"e0c9958\" data-element_type=\"container\">\n\t\t\t\t<div class=\"elementor-element elementor-element-7c3b22d elementor-widget elementor-widget-image\" data-id=\"7c3b22d\" data-element_type=\"widget\" data-widget_type=\"image.default\">\n\t\t\t\t<div class=\"elementor-widget-container\">\n\t\t\t\t\t\t\t\t\t\t\t\t\t\t\t<img loading=\"lazy\" decoding=\"async\" width=\"2229\" height=\"2953\" src=\"https:\/\/www.ldnspa.re\/wp-content\/uploads\/2024\/06\/spa-663-e1717395586318.png\" class=\"attachment-full size-full wp-image-24983\" alt=\"\" \/>\t\t\t\t\t\t\t\t\t\t\t\t\t\t\t<\/div>\n\t\t\t\t<\/div>\n\t\t\t\t<\/div>\n\t\t<div class=\"elementor-element elementor-element-c526aab e-con-full e-flex e-con e-child\" data-id=\"c526aab\" data-element_type=\"container\">\n\t\t\t\t<div class=\"elementor-element elementor-element-9d36f04 elementor-widget elementor-widget-text-editor\" data-id=\"9d36f04\" data-element_type=\"widget\" data-widget_type=\"text-editor.default\">\n\t\t\t\t<div class=\"elementor-widget-container\">\n\t\t\t\t\t\t\t\t\t<p><strong>MATERIEL:<\/strong> Acrylique Aristech<\/p><p><strong>CAPACIT\u00c9 PERSONNE: <\/strong>3 Personnes<\/p><p><strong>REPOSE T\u00caTE:<\/strong> 2<\/p><p><strong>TAILLE:<\/strong> 2100*1560*800mm<\/p><p><strong>COULEUR:<\/strong> Divers Coloris<\/p><p><strong>POIDS:<\/strong> 280 KG<\/p><p><strong>VOLUME D&#8217;EAU:<\/strong> 750L<\/p><p><strong>NOMBRE DE JETS HYDROMASSANTS:<\/strong> 46<\/p><p><strong>NOMBRE DE JETS AIR:<\/strong> 12<\/p><p><strong>POMPE HYDRO MASSAGE 2HP:<\/strong> 2<\/p><p><strong>POMPE DE FILTRATION 1HP:<\/strong> 1<\/p><p><strong>POMPE BLOWER:<\/strong> 1<\/p><p><strong>PUISSANCE BLOWER:<\/strong> 0,7kW<\/p><p><strong>FONCTIONNALIT\u00c9S:<\/strong> Habillage bois, Panneau de contr\u00f4le (programme diff\u00e9rer chauffe eau, contr\u00f4le de la temp\u00e9rature, programme filtration, Sondes de s\u00e9curit\u00e9 sans eau) Lampe UV<\/p>\t\t\t\t\t\t\t\t<\/div>\n\t\t\t\t<\/div>\n\t\t\t\t<\/div>\n\t\t\t\t<\/div>\n\t\t\t\t<\/div>\n\t\t\t\t<\/div>\n\t\t<div class=\"elementor-element elementor-element-27af7b8 e-con-full elementor-hidden-desktop elementor-hidden-tablet elementor-hidden-mobile e-flex e-con e-parent\" data-id=\"27af7b8\" data-element_type=\"container\">\n\t\t<div class=\"elementor-element elementor-element-1f73f01 e-con-full e-flex e-con e-child\" data-id=\"1f73f01\" data-element_type=\"container\">\n\t\t<div class=\"elementor-element elementor-element-b04c2ad e-con-full e-flex e-con e-child\" data-id=\"b04c2ad\" data-element_type=\"container\">\n\t\t<div class=\"elementor-element elementor-element-a805c8b e-con-full e-flex e-con e-child\" data-id=\"a805c8b\" data-element_type=\"container\" data-settings=\"{&quot;background_background&quot;:&quot;classic&quot;}\">\n\t\t\t\t<div class=\"elementor-element elementor-element-8bec444 elementor-widget elementor-widget-heading\" data-id=\"8bec444\" data-element_type=\"widget\" data-widget_type=\"heading.default\">\n\t\t\t\t<div class=\"elementor-widget-container\">\n\t\t\t\t\t<h2 class=\"elementor-heading-title elementor-size-default\">Plus de d\u00e9tail <\/h2>\t\t\t\t<\/div>\n\t\t\t\t<\/div>\n\t\t\t\t<\/div>\n\t\t\t\t<\/div>\n\t\t\t\t<\/div>\n\t\t\t\t<\/div>\n\t\t<div class=\"elementor-element elementor-element-292ca74 e-con-full e-flex e-con e-parent\" data-id=\"292ca74\" data-element_type=\"container\" data-settings=\"{&quot;background_background&quot;:&quot;classic&quot;}\">\n\t\t<div class=\"elementor-element elementor-element-5dd419c e-con-full e-flex e-con e-child\" data-id=\"5dd419c\" data-element_type=\"container\">\n\t\t<div class=\"elementor-element elementor-element-3c77e4f e-con-full e-flex e-con e-child\" data-id=\"3c77e4f\" data-element_type=\"container\">\n\t\t\t\t<div class=\"elementor-element elementor-element-9328e3e elementor-widget elementor-widget-image\" data-id=\"9328e3e\" data-element_type=\"widget\" data-widget_type=\"image.default\">\n\t\t\t\t<div class=\"elementor-widget-container\">\n\t\t\t\t\t\t\t\t\t\t\t\t\t\t\t<img loading=\"lazy\" decoding=\"async\" width=\"768\" height=\"336\" src=\"https:\/\/www.ldnspa.re\/wp-content\/uploads\/2024\/10\/Idees_panneaux_LDN_SPA-e1728541982152.png\" class=\"attachment-medium_large size-medium_large wp-image-25390\" alt=\"\" \/>\t\t\t\t\t\t\t\t\t\t\t\t\t\t\t<\/div>\n\t\t\t\t<\/div>\n\t\t\t\t<\/div>\n\t\t\t\t<div class=\"elementor-element elementor-element-13876da elementor-widget elementor-widget-image\" data-id=\"13876da\" data-element_type=\"widget\" data-widget_type=\"image.default\">\n\t\t\t\t<div class=\"elementor-widget-container\">\n\t\t\t\t\t\t\t\t\t\t\t\t\t\t\t<img loading=\"lazy\" decoding=\"async\" width=\"700\" height=\"700\" src=\"https:\/\/www.ldnspa.re\/wp-content\/uploads\/2024\/10\/IMG_8070.png\" class=\"attachment-2048x2048 size-2048x2048 wp-image-25385\" alt=\"\" \/>\t\t\t\t\t\t\t\t\t\t\t\t\t\t\t<\/div>\n\t\t\t\t<\/div>\n\t\t\t\t<\/div>\n\t\t<div class=\"elementor-element elementor-element-63e6b61 e-con-full e-flex e-con e-child\" data-id=\"63e6b61\" data-element_type=\"container\">\n\t\t\t\t<div class=\"elementor-element elementor-element-950dcaf elementor-widget elementor-widget-text-editor\" data-id=\"950dcaf\" data-element_type=\"widget\" data-widget_type=\"text-editor.default\">\n\t\t\t\t<div class=\"elementor-widget-container\">\n\t\t\t\t\t\t\t\t\t<p><span style=\"text-align: var(--text-align); font-size: 1rem;\">MATERIEL: Acrylique Aristech\u00a0<\/span><\/p><p>CAPACIT\u00c9 PERSONNE: 2 personnes\u00a0<\/p><p>REPOSE T\u00caTE: 2\u00a0<\/p><p>TAILLE: 1800 X 1200 X 720mm<\/p><p>COULEUR: Blanc\u00a0<\/p><p>NOMBRE DE JETS HYDRO TH\u00c9RAPIE: 34\u00a0<\/p><p>NOMBRE DE JETS AIR: 12\u00a0<\/p><p>POMPE HYDRO MASSAGE 1,5HP: 2\u00a0<\/p><p>SOUFFLEUR A AIR: 1\u00a0<\/p><p>PUISSANCE SOUFLEUR A AIR: 0,7kW\u00a0<\/p><p>FONCTIONNALIT\u00c9S: Panneau de contr\u00f4le (RADIO FM inclus), haut parleurs<\/p>\t\t\t\t\t\t\t\t<\/div>\n\t\t\t\t<\/div>\n\t\t\t\t<\/div>\n\t\t\t\t<\/div>\n\t\t<div class=\"elementor-element elementor-element-da66cb0 e-con-full e-flex e-con e-parent\" data-id=\"da66cb0\" data-element_type=\"container\" data-settings=\"{&quot;background_background&quot;:&quot;classic&quot;}\">\n\t\t<div class=\"elementor-element elementor-element-b76cbdb e-con-full e-flex e-con e-child\" data-id=\"b76cbdb\" data-element_type=\"container\">\n\t\t<div class=\"elementor-element elementor-element-488a446 e-con-full e-flex e-con e-child\" data-id=\"488a446\" data-element_type=\"container\" data-settings=\"{&quot;background_background&quot;:&quot;classic&quot;}\">\n\t\t\t\t<div class=\"elementor-element elementor-element-e1e1804 elementor-align-center elementor-widget elementor-widget-button\" data-id=\"e1e1804\" data-element_type=\"widget\" data-widget_type=\"button.default\">\n\t\t\t\t<div class=\"elementor-widget-container\">\n\t\t\t\t\t\t\t\t\t<div class=\"elementor-button-wrapper\">\n\t\t\t\t\t<a class=\"elementor-button elementor-button-link elementor-size-sm elementor-animation-bounce-in\" href=\"https:\/\/www.ldnspa.re\/?page_id=23379\">\n\t\t\t\t\t\t<span class=\"elementor-button-content-wrapper\">\n\t\t\t\t\t\t<span class=\"elementor-button-icon\">\n\t\t\t\t<i aria-hidden=\"true\" class=\"far fa-newspaper\"><\/i>\t\t\t<\/span>\n\t\t\t\t\t\t\t\t\t<span class=\"elementor-button-text\">Demandez un devis <\/span>\n\t\t\t\t\t<\/span>\n\t\t\t\t\t<\/a>\n\t\t\t\t<\/div>\n\t\t\t\t\t\t\t\t<\/div>\n\t\t\t\t<\/div>\n\t\t\t\t<\/div>\n\t\t\t\t<\/div>\n\t\t\t\t<\/div>\n\t\t\t\t<\/div>\n\t\t","protected":false},"excerpt":{"rendered":"<p>DUO BALN\u00c9O Prix : 2490\u20ac 2 PERSONNES 46 JETS 1800 X 1200 X 720mm 124 KG 300 L Description detaill\u00e9s MATERIEL: Acrylique Aristech CAPACIT\u00c9 PERSONNE: 3 Personnes REPOSE T\u00caTE: 2 TAILLE: 2100*1560*800mm COULEUR: Divers Coloris POIDS: 280 KG VOLUME D&#8217;EAU: 750L NOMBRE DE JETS HYDROMASSANTS: 46 NOMBRE DE JETS AIR: 12 POMPE HYDRO MASSAGE 2HP: [&hellip;]<\/p>\n","protected":false},"author":3,"featured_media":0,"parent":0,"menu_order":0,"comment_status":"closed","ping_status":"closed","template":"page-templates\/homepage.php","meta":{"footnotes":""},"class_list":["post-22886","page","type-page","status-publish","hentry"],"yoast_head":"<!-- This site is optimized with the Yoast SEO plugin v26.0 - https:\/\/yoast.com\/wordpress\/plugins\/seo\/ -->\n<title>Baln\u00e9o Duo - LDN<\/title>\n<meta name=\"robots\" content=\"index, follow, max-snippet:-1, max-image-preview:large, max-video-preview:-1\" \/>\n<link rel=\"canonical\" href=\"https:\/\/www.ldnspa.re\/?page_id=22886\" \/>\n<meta property=\"og:locale\" content=\"fr_FR\" \/>\n<meta property=\"og:type\" content=\"article\" \/>\n<meta property=\"og:title\" content=\"Baln\u00e9o Duo - LDN\" \/>\n<meta property=\"og:description\" content=\"DUO BALN\u00c9O Prix : 2490\u20ac 2 PERSONNES 46 JETS 1800 X 1200 X 720mm 124 KG 300 L Description detaill\u00e9s MATERIEL: Acrylique Aristech CAPACIT\u00c9 PERSONNE: 3 Personnes REPOSE T\u00caTE: 2 TAILLE: 2100*1560*800mm COULEUR: Divers Coloris POIDS: 280 KG VOLUME D&#8217;EAU: 750L NOMBRE DE JETS HYDROMASSANTS: 46 NOMBRE DE JETS AIR: 12 POMPE HYDRO MASSAGE 2HP: [&hellip;]\" \/>\n<meta property=\"og:url\" content=\"https:\/\/www.ldnspa.re\/?page_id=22886\" \/>\n<meta property=\"og:site_name\" content=\"LDN\" \/>\n<meta property=\"article:modified_time\" content=\"2026-01-23T09:05:55+00:00\" \/>\n<meta property=\"og:image\" content=\"https:\/\/www.ldnspa.re\/wp-content\/uploads\/2025\/10\/user-1.png\" \/>\n<meta name=\"twitter:card\" content=\"summary_large_image\" \/>\n<meta name=\"twitter:label1\" content=\"Dur\u00e9e de lecture estim\u00e9e\" \/>\n\t<meta name=\"twitter:data1\" content=\"3 minutes\" \/>\n<script type=\"application\/ld+json\" class=\"yoast-schema-graph\">{\"@context\":\"https:\/\/schema.org\",\"@graph\":[{\"@type\":\"WebPage\",\"@id\":\"https:\/\/www.ldnspa.re\/?page_id=22886\",\"url\":\"https:\/\/www.ldnspa.re\/?page_id=22886\",\"name\":\"Baln\u00e9o Duo - LDN\",\"isPartOf\":{\"@id\":\"https:\/\/www.ldnspa.re\/#website\"},\"primaryImageOfPage\":{\"@id\":\"https:\/\/www.ldnspa.re\/?page_id=22886#primaryimage\"},\"image\":{\"@id\":\"https:\/\/www.ldnspa.re\/?page_id=22886#primaryimage\"},\"thumbnailUrl\":\"https:\/\/www.ldnspa.re\/wp-content\/uploads\/2025\/10\/user-1.png\",\"datePublished\":\"2023-01-20T10:38:48+00:00\",\"dateModified\":\"2026-01-23T09:05:55+00:00\",\"breadcrumb\":{\"@id\":\"https:\/\/www.ldnspa.re\/?page_id=22886#breadcrumb\"},\"inLanguage\":\"fr-FR\",\"potentialAction\":[{\"@type\":\"ReadAction\",\"target\":[\"https:\/\/www.ldnspa.re\/?page_id=22886\"]}]},{\"@type\":\"ImageObject\",\"inLanguage\":\"fr-FR\",\"@id\":\"https:\/\/www.ldnspa.re\/?page_id=22886#primaryimage\",\"url\":\"https:\/\/www.ldnspa.re\/wp-content\/uploads\/2025\/10\/user-1.png\",\"contentUrl\":\"https:\/\/www.ldnspa.re\/wp-content\/uploads\/2025\/10\/user-1.png\",\"width\":256,\"height\":256},{\"@type\":\"BreadcrumbList\",\"@id\":\"https:\/\/www.ldnspa.re\/?page_id=22886#breadcrumb\",\"itemListElement\":[{\"@type\":\"ListItem\",\"position\":1,\"name\":\"Accueil\",\"item\":\"https:\/\/www.ldnspa.re\/\"},{\"@type\":\"ListItem\",\"position\":2,\"name\":\"Baln\u00e9o Duo\"}]},{\"@type\":\"WebSite\",\"@id\":\"https:\/\/www.ldnspa.re\/#website\",\"url\":\"https:\/\/www.ldnspa.re\/\",\"name\":\"LDN\",\"description\":\"Le bien-\u00eatre chez soi\",\"publisher\":{\"@id\":\"https:\/\/www.ldnspa.re\/#organization\"},\"potentialAction\":[{\"@type\":\"SearchAction\",\"target\":{\"@type\":\"EntryPoint\",\"urlTemplate\":\"https:\/\/www.ldnspa.re\/?s={search_term_string}\"},\"query-input\":{\"@type\":\"PropertyValueSpecification\",\"valueRequired\":true,\"valueName\":\"search_term_string\"}}],\"inLanguage\":\"fr-FR\"},{\"@type\":\"Organization\",\"@id\":\"https:\/\/www.ldnspa.re\/#organization\",\"name\":\"LDN\",\"url\":\"https:\/\/www.ldnspa.re\/\",\"logo\":{\"@type\":\"ImageObject\",\"inLanguage\":\"fr-FR\",\"@id\":\"https:\/\/www.ldnspa.re\/#\/schema\/logo\/image\/\",\"url\":\"https:\/\/i0.wp.com\/www.ldnspa.re\/wp-content\/uploads\/2023\/01\/logo_ldn_2.png?fit=551%2C170&ssl=1\",\"contentUrl\":\"https:\/\/i0.wp.com\/www.ldnspa.re\/wp-content\/uploads\/2023\/01\/logo_ldn_2.png?fit=551%2C170&ssl=1\",\"width\":551,\"height\":170,\"caption\":\"LDN\"},\"image\":{\"@id\":\"https:\/\/www.ldnspa.re\/#\/schema\/logo\/image\/\"}}]}<\/script>\n<!-- \/ Yoast SEO plugin. -->","yoast_head_json":{"title":"Baln\u00e9o Duo - LDN","robots":{"index":"index","follow":"follow","max-snippet":"max-snippet:-1","max-image-preview":"max-image-preview:large","max-video-preview":"max-video-preview:-1"},"canonical":"https:\/\/www.ldnspa.re\/?page_id=22886","og_locale":"fr_FR","og_type":"article","og_title":"Baln\u00e9o Duo - LDN","og_description":"DUO BALN\u00c9O Prix : 2490\u20ac 2 PERSONNES 46 JETS 1800 X 1200 X 720mm 124 KG 300 L Description detaill\u00e9s MATERIEL: Acrylique Aristech CAPACIT\u00c9 PERSONNE: 3 Personnes REPOSE T\u00caTE: 2 TAILLE: 2100*1560*800mm COULEUR: Divers Coloris POIDS: 280 KG VOLUME D&#8217;EAU: 750L NOMBRE DE JETS HYDROMASSANTS: 46 NOMBRE DE JETS AIR: 12 POMPE HYDRO MASSAGE 2HP: [&hellip;]","og_url":"https:\/\/www.ldnspa.re\/?page_id=22886","og_site_name":"LDN","article_modified_time":"2026-01-23T09:05:55+00:00","og_image":[{"url":"https:\/\/www.ldnspa.re\/wp-content\/uploads\/2025\/10\/user-1.png","type":"","width":"","height":""}],"twitter_card":"summary_large_image","twitter_misc":{"Dur\u00e9e de lecture estim\u00e9e":"3 minutes"},"schema":{"@context":"https:\/\/schema.org","@graph":[{"@type":"WebPage","@id":"https:\/\/www.ldnspa.re\/?page_id=22886","url":"https:\/\/www.ldnspa.re\/?page_id=22886","name":"Baln\u00e9o Duo - LDN","isPartOf":{"@id":"https:\/\/www.ldnspa.re\/#website"},"primaryImageOfPage":{"@id":"https:\/\/www.ldnspa.re\/?page_id=22886#primaryimage"},"image":{"@id":"https:\/\/www.ldnspa.re\/?page_id=22886#primaryimage"},"thumbnailUrl":"https:\/\/www.ldnspa.re\/wp-content\/uploads\/2025\/10\/user-1.png","datePublished":"2023-01-20T10:38:48+00:00","dateModified":"2026-01-23T09:05:55+00:00","breadcrumb":{"@id":"https:\/\/www.ldnspa.re\/?page_id=22886#breadcrumb"},"inLanguage":"fr-FR","potentialAction":[{"@type":"ReadAction","target":["https:\/\/www.ldnspa.re\/?page_id=22886"]}]},{"@type":"ImageObject","inLanguage":"fr-FR","@id":"https:\/\/www.ldnspa.re\/?page_id=22886#primaryimage","url":"https:\/\/www.ldnspa.re\/wp-content\/uploads\/2025\/10\/user-1.png","contentUrl":"https:\/\/www.ldnspa.re\/wp-content\/uploads\/2025\/10\/user-1.png","width":256,"height":256},{"@type":"BreadcrumbList","@id":"https:\/\/www.ldnspa.re\/?page_id=22886#breadcrumb","itemListElement":[{"@type":"ListItem","position":1,"name":"Accueil","item":"https:\/\/www.ldnspa.re\/"},{"@type":"ListItem","position":2,"name":"Baln\u00e9o Duo"}]},{"@type":"WebSite","@id":"https:\/\/www.ldnspa.re\/#website","url":"https:\/\/www.ldnspa.re\/","name":"LDN","description":"Le bien-\u00eatre chez soi","publisher":{"@id":"https:\/\/www.ldnspa.re\/#organization"},"potentialAction":[{"@type":"SearchAction","target":{"@type":"EntryPoint","urlTemplate":"https:\/\/www.ldnspa.re\/?s={search_term_string}"},"query-input":{"@type":"PropertyValueSpecification","valueRequired":true,"valueName":"search_term_string"}}],"inLanguage":"fr-FR"},{"@type":"Organization","@id":"https:\/\/www.ldnspa.re\/#organization","name":"LDN","url":"https:\/\/www.ldnspa.re\/","logo":{"@type":"ImageObject","inLanguage":"fr-FR","@id":"https:\/\/www.ldnspa.re\/#\/schema\/logo\/image\/","url":"https:\/\/i0.wp.com\/www.ldnspa.re\/wp-content\/uploads\/2023\/01\/logo_ldn_2.png?fit=551%2C170&ssl=1","contentUrl":"https:\/\/i0.wp.com\/www.ldnspa.re\/wp-content\/uploads\/2023\/01\/logo_ldn_2.png?fit=551%2C170&ssl=1","width":551,"height":170,"caption":"LDN"},"image":{"@id":"https:\/\/www.ldnspa.re\/#\/schema\/logo\/image\/"}}]}},"_links":{"self":[{"href":"https:\/\/www.ldnspa.re\/index.php?rest_route=\/wp\/v2\/pages\/22886","targetHints":{"allow":["GET"]}}],"collection":[{"href":"https:\/\/www.ldnspa.re\/index.php?rest_route=\/wp\/v2\/pages"}],"about":[{"href":"https:\/\/www.ldnspa.re\/index.php?rest_route=\/wp\/v2\/types\/page"}],"author":[{"embeddable":true,"href":"https:\/\/www.ldnspa.re\/index.php?rest_route=\/wp\/v2\/users\/3"}],"replies":[{"embeddable":true,"href":"https:\/\/www.ldnspa.re\/index.php?rest_route=%2Fwp%2Fv2%2Fcomments&post=22886"}],"version-history":[{"count":97,"href":"https:\/\/www.ldnspa.re\/index.php?rest_route=\/wp\/v2\/pages\/22886\/revisions"}],"predecessor-version":[{"id":28358,"href":"https:\/\/www.ldnspa.re\/index.php?rest_route=\/wp\/v2\/pages\/22886\/revisions\/28358"}],"wp:attachment":[{"href":"https:\/\/www.ldnspa.re\/index.php?rest_route=%2Fwp%2Fv2%2Fmedia&parent=22886"}],"curies":[{"name":"wp","href":"https:\/\/api.w.org\/{rel}","templated":true}]}}